{"id":2,"date":"2025-03-31T11:22:48","date_gmt":"2025-03-31T09:22:48","guid":{"rendered":"http:\/\/ah.osogo.at\/?page_id=2"},"modified":"2025-11-16T09:48:17","modified_gmt":"2025-11-16T08:48:17","slug":"beispiel-seite","status":"publish","type":"page","link":"https:\/\/ah.osogo.at\/","title":{"rendered":"Die Apfelhecke \u2013 nat\u00fcrlich, n\u00fctzlich und sch\u00f6n"},"content":{"rendered":"\n<p><\/p>\n\n\n\n<div class=\"wp-block-media-text has-media-on-the-right is-stacked-on-mobile\" style=\"grid-template-columns:auto 27%\"><div class=\"wp-block-media-text__content\">\n<p>Eine Apfelhecke verbindet das Beste aus zwei Welten: Sie bietet Sichtschutz wie eine klassische Gartenhecke und schenkt gleichzeitig Bl\u00fctenpracht im Fr\u00fchling und k\u00f6stliche Fr\u00fcchte im Herbst.<\/p>\n\n\n\n<p>Die speziell gez\u00fcchteten Apfelb\u00e4ume werden in einem Abstand von nur etwa 40 cm gepflanzt und wachsen zu einer dicht verzweigten, gr\u00fcnen Hecke heran \u2013 ideal auch f\u00fcr kleine G\u00e4rten oder als nat\u00fcrliche Grundst\u00fccksbegrenzung.<\/p>\n\n\n\n<p><\/p>\n<\/div><figure class=\"wp-block-media-text__media\"><img loading=\"lazy\" decoding=\"async\" width=\"402\" height=\"433\" src=\"http:\/\/ah.osogo.at\/wp-content\/uploads\/2025\/11\/Apple_Eyecatcher.jpg\" alt=\"\" class=\"wp-image-136 size-full\" srcset=\"https:\/\/ah.osogo.at\/wp-content\/uploads\/2025\/11\/Apple_Eyecatcher.jpg 402w, https:\/\/ah.osogo.at\/wp-content\/uploads\/2025\/11\/Apple_Eyecatcher-279x300.jpg 279w\" sizes=\"auto, (max-width: 402px) 100vw, 402px\" \/><\/figure><\/div>\n\n\n\n<div class=\"wp-block-media-text is-stacked-on-mobile\"><figure class=\"wp-block-media-text__media\"><img loading=\"lazy\" decoding=\"async\" width=\"867\" height=\"650\" src=\"http:\/\/ah.osogo.at\/wp-content\/uploads\/2025\/11\/Bluete-Apfelheche_00.jpg\" alt=\"\" class=\"wp-image-126 size-full\" srcset=\"https:\/\/ah.osogo.at\/wp-content\/uploads\/2025\/11\/Bluete-Apfelheche_00.jpg 867w, https:\/\/ah.osogo.at\/wp-content\/uploads\/2025\/11\/Bluete-Apfelheche_00-300x225.jpg 300w, https:\/\/ah.osogo.at\/wp-content\/uploads\/2025\/11\/Bluete-Apfelheche_00-768x576.jpg 768w, https:\/\/ah.osogo.at\/wp-content\/uploads\/2025\/11\/Bluete-Apfelheche_00-416x312.jpg 416w\" sizes=\"auto, (max-width: 867px) 100vw, 867px\" \/><\/figure><div class=\"wp-block-media-text__content\">\n<p>Die speziell gez\u00fcchteten Apfelb\u00e4ume werden in einem Abstand von nur etwa 40 cm gepflanzt und wachsen zu einer dicht verzweigten, gr\u00fcnen Hecke heran \u2013 ideal auch f\u00fcr kleine G\u00e4rten oder als nat\u00fcrliche Grundst\u00fccksbegrenzung.<\/p>\n<\/div><\/div>\n\n\n\n<p><\/p>\n\n\n\n<p><\/p>\n\n\n\n<div class=\"wp-block-media-text has-media-on-the-right is-stacked-on-mobile\" style=\"grid-template-columns:auto 37%\"><div class=\"wp-block-media-text__content\">\n<p>Ein weiterer Vorteil: Schon kurz nach der Pflanzung darf man sich meist \u00fcber die ersten \u00c4pfel freuen. Die Grundsorte \u201eTopaz\u201c gilt geschmacklich als besonders hochwertig, kann jedoch auf Wunsch mit vielen weiteren Sorten kombiniert werden \u2013 bis zu 25 verschiedene Apfelsorten auf 10 m Heckenl\u00e4nge sind m\u00f6glich.<\/p>\n\n\n\n<p>Eine Apfelhecke ist somit nicht nur ein gr\u00fcnes Garten\u00adelement, sondern ein lebendiger Genussraum \u2013 nachhaltig, vielseitig und mit echtem Mehrwert.<\/p>\n\n\n\n<p><\/p>\n<\/div><figure class=\"wp-block-media-text__media\"><img loading=\"lazy\" decoding=\"async\" width=\"768\" height=\"1024\" src=\"http:\/\/ah.osogo.at\/wp-content\/uploads\/2025\/11\/IMG_7300.jpg\" alt=\"\" class=\"wp-image-134 size-full\" srcset=\"https:\/\/ah.osogo.at\/wp-content\/uploads\/2025\/11\/IMG_7300.jpg 768w, https:\/\/ah.osogo.at\/wp-content\/uploads\/2025\/11\/IMG_7300-225x300.jpg 225w, https:\/\/ah.osogo.at\/wp-content\/uploads\/2025\/11\/IMG_7300-416x555.jpg 416w\" sizes=\"auto, (max-width: 768px) 100vw, 768px\" \/><\/figure><\/div>\n\n\n\n<div class=\"wp-block-group is-nowrap is-layout-flex wp-container-core-group-is-layout-6c531013 wp-block-group-is-layout-flex\">\n<p><\/p>\n<\/div>\n\n\n\n<p><\/p>\n","protected":false},"excerpt":{"rendered":"<p>Eine Apfelhecke verbindet das Beste aus zwei Welten: Sie bietet Sichtschutz wie eine klassische Gartenhecke und schenkt gleichzeitig Bl\u00fctenpracht im Fr\u00fchling und k\u00f6stliche Fr\u00fcchte im Herbst. Die speziell gez\u00fcchteten Apfelb\u00e4ume werden in einem Abstand von nur etwa 40 cm gepflanzt und wachsen zu einer dicht verzweigten, gr\u00fcnen Hecke heran \u2013 ideal auch f\u00fcr kleine G\u00e4rten [&hellip;]<\/p>\n","protected":false},"author":1,"featured_media":0,"parent":0,"menu_order":0,"comment_status":"closed","ping_status":"open","template":"","meta":{"footnotes":""},"class_list":["post-2","page","type-page","status-publish","hentry"],"_links":{"self":[{"href":"https:\/\/ah.osogo.at\/index.php\/wp-json\/wp\/v2\/pages\/2","targetHints":{"allow":["GET"]}}],"collection":[{"href":"https:\/\/ah.osogo.at\/index.php\/wp-json\/wp\/v2\/pages"}],"about":[{"href":"https:\/\/ah.osogo.at\/index.php\/wp-json\/wp\/v2\/types\/page"}],"author":[{"embeddable":true,"href":"https:\/\/ah.osogo.at\/index.php\/wp-json\/wp\/v2\/users\/1"}],"replies":[{"embeddable":true,"href":"https:\/\/ah.osogo.at\/index.php\/wp-json\/wp\/v2\/comments?post=2"}],"version-history":[{"count":9,"href":"https:\/\/ah.osogo.at\/index.php\/wp-json\/wp\/v2\/pages\/2\/revisions"}],"predecessor-version":[{"id":137,"href":"https:\/\/ah.osogo.at\/index.php\/wp-json\/wp\/v2\/pages\/2\/revisions\/137"}],"wp:attachment":[{"href":"https:\/\/ah.osogo.at\/index.php\/wp-json\/wp\/v2\/media?parent=2"}],"curies":[{"name":"wp","href":"https:\/\/api.w.org\/{rel}","templated":true}]}}

Die Apfelhecke – natürlich, nützlich und schön

<p></p>



<div class="wp-block-media-text has-media-on-the-right is-stacked-on-mobile" style="grid-template-columns:auto 27%"><div class="wp-block-media-text__content">
<p>Eine Apfelhecke verbindet das Beste aus zwei Welten: Sie bietet Sichtschutz wie eine klassische Gartenhecke und schenkt gleichzeitig Blütenpracht im Frühling und köstliche Früchte im Herbst.</p>



<p>Die speziell gezüchteten Apfelbäume werden in einem Abstand von nur etwa 40 cm gepflanzt und wachsen zu einer dicht verzweigten, grünen Hecke heran – ideal auch für kleine Gärten oder als natürliche Grundstücksbegrenzung.</p>



<p></p>
</div><figure class="wp-block-media-text__media"><img loading="lazy" decoding="async" width="402" height="433" src="http://ah.osogo.at/wp-content/uploads/2025/11/Apple_Eyecatcher.jpg" alt="" class="wp-image-136 size-full" srcset="https://ah.osogo.at/wp-content/uploads/2025/11/Apple_Eyecatcher.jpg 402w, https://ah.osogo.at/wp-content/uploads/2025/11/Apple_Eyecatcher-279x300.jpg 279w" sizes="auto, (max-width: 402px) 100vw, 402px" /></figure></div>



<div class="wp-block-media-text is-stacked-on-mobile"><figure class="wp-block-media-text__media"><img loading="lazy" decoding="async" width="867" height="650" src="http://ah.osogo.at/wp-content/uploads/2025/11/Bluete-Apfelheche_00.jpg" alt="" class="wp-image-126 size-full" srcset="https://ah.osogo.at/wp-content/uploads/2025/11/Bluete-Apfelheche_00.jpg 867w, https://ah.osogo.at/wp-content/uploads/2025/11/Bluete-Apfelheche_00-300x225.jpg 300w, https://ah.osogo.at/wp-content/uploads/2025/11/Bluete-Apfelheche_00-768x576.jpg 768w, https://ah.osogo.at/wp-content/uploads/2025/11/Bluete-Apfelheche_00-416x312.jpg 416w" sizes="auto, (max-width: 867px) 100vw, 867px" /></figure><div class="wp-block-media-text__content">
<p>Die speziell gezüchteten Apfelbäume werden in einem Abstand von nur etwa 40 cm gepflanzt und wachsen zu einer dicht verzweigten, grünen Hecke heran – ideal auch für kleine Gärten oder als natürliche Grundstücksbegrenzung.</p>
</div></div>



<p></p>



<p></p>



<div class="wp-block-media-text has-media-on-the-right is-stacked-on-mobile" style="grid-template-columns:auto 37%"><div class="wp-block-media-text__content">
<p>Ein weiterer Vorteil: Schon kurz nach der Pflanzung darf man sich meist über die ersten Äpfel freuen. Die Grundsorte „Topaz“ gilt geschmacklich als besonders hochwertig, kann jedoch auf Wunsch mit vielen weiteren Sorten kombiniert werden – bis zu 25 verschiedene Apfelsorten auf 10 m Heckenlänge sind möglich.</p>



<p>Eine Apfelhecke ist somit nicht nur ein grünes Garten­element, sondern ein lebendiger Genussraum – nachhaltig, vielseitig und mit echtem Mehrwert.</p>



<p></p>
</div><figure class="wp-block-media-text__media"><img loading="lazy" decoding="async" width="768" height="1024" src="http://ah.osogo.at/wp-content/uploads/2025/11/IMG_7300.jpg" alt="" class="wp-image-134 size-full" srcset="https://ah.osogo.at/wp-content/uploads/2025/11/IMG_7300.jpg 768w, https://ah.osogo.at/wp-content/uploads/2025/11/IMG_7300-225x300.jpg 225w, https://ah.osogo.at/wp-content/uploads/2025/11/IMG_7300-416x555.jpg 416w" sizes="auto, (max-width: 768px) 100vw, 768px" /></figure></div>



<div class="wp-block-group is-nowrap is-layout-flex wp-container-core-group-is-layout-6c531013 wp-block-group-is-layout-flex">
<p></p>
</div>



<p></p>

<p>Eine Apfelhecke verbindet das Beste aus zwei Welten: Sie bietet Sichtschutz wie eine klassische Gartenhecke und schenkt gleichzeitig Blütenpracht im Frühling und köstliche Früchte im Herbst. Die speziell gezüchteten Apfelbäume werden in einem Abstand von nur etwa 40 cm gepflanzt und wachsen zu einer dicht verzweigten, grünen Hecke heran – ideal auch für kleine Gärten [&hellip;]</p>
