{"id":147,"date":"2025-11-16T10:33:55","date_gmt":"2025-11-16T09:33:55","guid":{"rendered":"https:\/\/ah.osogo.at\/?page_id=147"},"modified":"2025-11-16T10:33:55","modified_gmt":"2025-11-16T09:33:55","slug":"pflanzanleitung-apfelhecke","status":"publish","type":"page","link":"https:\/\/ah.osogo.at\/index.php\/pflanzanleitung-apfelhecke\/","title":{"rendered":"Pflanzanleitung Apfelhecke"},"content":{"rendered":"\n<h2 class=\"wp-block-heading\">1. Pflanzgrube ausheben<\/h2>\n\n\n\n<p>Da die verwendeten \u201eKnippb\u00e4ume\u201c der Apfelhecke eine besonders kleine Wurzelausdehnung haben, muss die ben\u00f6tigte Pflanzgrube nicht besonders tief und breit sein. Am besten ist es, einen Graben mit einer Breite und Tiefe von ca. 50 cm graben und nat\u00fcrlich in der gew\u00fcnschten L\u00e4nge.<br>Die B\u00e4ume werden im Abstand von 40 cm gepflanzt.<br>Bei schwerem Boden = Wasser bleibt in dieser Grube \u00fcber l\u00e4ngerem Zeitraum stehen, soll um mindestens 10 cm tiefer ausgehoben werden. Dann vor dem Auff\u00fcllen mit Pflanzsubstrat groben Schotter oder Kies einf\u00fcllen.<br>Diese Schicht dient der Drainage, damit die Wurzeln der B\u00e4ume nicht im Wasser stehen.<\/p>\n\n\n\n<h2 class=\"wp-block-heading\">2. Mausschutz einbringen<\/h2>\n\n\n\n<p>Schwachw\u00fcchsige Apfelb\u00e4ume haben eine magische Anziehungskraft auf W\u00fchlm\u00e4use! Wussten Sie, dass W\u00fchlm\u00e4use \u00fcber mehrere hundert Meter diese \u201eLeckerbissen\u201c riechen k\u00f6nnen, und zielstrebig darauf zu graben? Den Satz \u201eWir haben keine W\u00fchlm\u00e4use\u201c kann ich nur so kommentieren \u2013 \u201eBis jetzt noch nicht\u201c.<br>Zu oft haben wir wenige Jahre sp\u00e4ter die traurigen Besitzer von kaputten Obstb\u00e4umen wiedergetroffen, mit deren Aussage: \u201eH\u00e4tte ich damals nur auf euch geh\u00f6rt!\u201c<br>\u00c4rgerlich ist nicht der Baum, der im ersten Jahr gefressen wird \u2013 den kann man schnell ersetzen \u2013 nein, der abget\u00f6tete Baum im 5. Standjahr oder sp\u00e4ter, wenn er gerade so richtig sch\u00f6n und ertragreich war, der schmerzt richtig!<br>Das ist auch der Grund, warum wir von einer Pflanzung im Mausschutzgitter (welches meist nach 5 Jahren bereits verrottet), abraten und dringend die Pflanzung in den von uns entwickelten \u201eMausschutzk\u00fcbeln\u201c empfehlen!<\/p>\n\n\n\n<h2 class=\"wp-block-heading\">3. Substrat<\/h2>\n\n\n\n<p>Anschlie\u00dfend den 50 cm tiefen Graben mit Pflanzsubstrat (= 1\/3 ausgegrabene Erde, 1\/3 abgelagerten Kompost, 1\/3 Sand) soweit auff\u00fcllen, dass noch ca. 30 cm \u00fcbrigbleiben. Es gen\u00fcgt, wenn Erde, Kompost und Sand abwechselnd eingeschaufelt werden; das Substrat vermischt sich so gen\u00fcgend. Bodenaktivator f\u00fcr den perfekten Start der Bodenlebewesen und organischen D\u00fcnger nicht vergessen!<\/p>\n\n\n\n<h2 class=\"wp-block-heading\">4. B\u00e4ume pflanzen<\/h2>\n\n\n\n<p>Jetzt werden die B\u00e4ume im Abstand von ca. 40 cm (Bei Mausschutzk\u00fcbel \u2013 K\u00fcbel an K\u00fcbel) mit dem restlichen Substrat (Mischung) mit viel Wasser eingeschl\u00e4mmt.<br>Die erste Veredelungsstelle sollte mindestens 5 cm oberhalb der Erde sein. Eine sogenannte Gie\u00dfmulde die man mit dem restlichen Substrat macht, erleichtert das k\u00fcnftige Gie\u00dfen!<\/p>\n","protected":false},"excerpt":{"rendered":"<p>1. Pflanzgrube ausheben Da die verwendeten \u201eKnippb\u00e4ume\u201c der Apfelhecke eine besonders kleine Wurzelausdehnung haben, muss die ben\u00f6tigte Pflanzgrube nicht besonders tief und breit sein. Am besten ist es, einen Graben mit einer Breite und Tiefe von ca. 50 cm graben und nat\u00fcrlich in der gew\u00fcnschten L\u00e4nge.Die B\u00e4ume werden im Abstand von 40 cm gepflanzt.Bei schwerem [&hellip;]<\/p>\n","protected":false},"author":1,"featured_media":0,"parent":0,"menu_order":0,"comment_status":"closed","ping_status":"closed","template":"","meta":{"footnotes":""},"class_list":["post-147","page","type-page","status-publish","hentry"],"_links":{"self":[{"href":"https:\/\/ah.osogo.at\/index.php\/wp-json\/wp\/v2\/pages\/147","targetHints":{"allow":["GET"]}}],"collection":[{"href":"https:\/\/ah.osogo.at\/index.php\/wp-json\/wp\/v2\/pages"}],"about":[{"href":"https:\/\/ah.osogo.at\/index.php\/wp-json\/wp\/v2\/types\/page"}],"author":[{"embeddable":true,"href":"https:\/\/ah.osogo.at\/index.php\/wp-json\/wp\/v2\/users\/1"}],"replies":[{"embeddable":true,"href":"https:\/\/ah.osogo.at\/index.php\/wp-json\/wp\/v2\/comments?post=147"}],"version-history":[{"count":1,"href":"https:\/\/ah.osogo.at\/index.php\/wp-json\/wp\/v2\/pages\/147\/revisions"}],"predecessor-version":[{"id":148,"href":"https:\/\/ah.osogo.at\/index.php\/wp-json\/wp\/v2\/pages\/147\/revisions\/148"}],"wp:attachment":[{"href":"https:\/\/ah.osogo.at\/index.php\/wp-json\/wp\/v2\/media?parent=147"}],"curies":[{"name":"wp","href":"https:\/\/api.w.org\/{rel}","templated":true}]}}