{"id":138,"date":"2025-11-16T09:53:45","date_gmt":"2025-11-16T08:53:45","guid":{"rendered":"https:\/\/ah.osogo.at\/?page_id=138"},"modified":"2025-11-16T10:25:16","modified_gmt":"2025-11-16T09:25:16","slug":"sortenuebersicht","status":"publish","type":"page","link":"https:\/\/ah.osogo.at\/index.php\/sortenuebersicht\/","title":{"rendered":"Eine Hecke, viele \u00c4pfel \u2013 Vielfalt auf kleinstem Raum."},"content":{"rendered":"\n<p>Unsere Apfelhecke bietet die M\u00f6glichkeit, auf kleinster Fl\u00e4che eine beeindruckende Sortenvielfalt zu genie\u00dfen. Da die B\u00e4ume dicht gesetzt und bereits mit den jeweiligen Sorten veredelt wurden, finden auf wenigen Metern Hecke viele verschiedene Apfelsorten Platz \u2013 von fr\u00fchen Sommer\u00e4pfeln \u00fcber Herbstsorten bis zu lagerf\u00e4higen Winter\u00e4pfeln. So entsteht nicht nur ein lebendiger Sichtschutz, sondern auch eine abwechslungsreiche Ernte \u00fcber viele Wochen hinweg.<\/p>\n\n\n\n<p>Die Apfelhecke wird in praktischen Paketen zu <strong>10 B\u00e4umen<\/strong> angeboten \u2013 ideal f\u00fcr einen ersten Abschnitt von rund <strong>4 Metern L\u00e4nge<\/strong>. M\u00f6chten Sie die Hecke verl\u00e4ngern oder individuell gestalten, kann sie flexibel mit <strong>5er-Paketen<\/strong> oder <strong>Einzelb\u00e4umen<\/strong> erg\u00e4nzt werden, bis die gew\u00fcnschte L\u00e4nge erreicht ist.<\/p>\n\n\n\n<p>In jeder Paketkombination steckt viel Erfahrung und sorgf\u00e4ltige Sortenauswahl. So k\u00f6nnen Sie \u00fcber einen langen Zeitraum im Jahr frische \u00c4pfel genie\u00dfen \u2013 vom ersten Fr\u00fchapfel bis zum lagerf\u00e4higen Winterapfel. Aus diesem Grund bieten wir \u00fcberwiegend erprobte und gut harmonierende Sortenkombinationen an, die sich in Wachstum, Ertrag und Geschmack bew\u00e4hrt haben. So entsteht eine Hecke, die nicht nur sch\u00f6n aussieht, sondern auch eine abwechslungsreiche und zuverl\u00e4ssige Ernte liefert.<\/p>\n\n\n\n<p>Mit einem Pflanzabstand von etwa <strong>40 cm pro Baum<\/strong> l\u00e4sst sich die Hecke exakt planen \u2013 passend zum Garten, zur Grundst\u00fccksgrenze oder zu bereits bestehenden Strukturen. So bleibt die Gestaltung flexibel und w\u00e4chst ganz nach Ihren Vorstellungen.<\/p>\n\n\n\n<p>Nachfolgend unsere Pakete, die sich f\u00fcr die Apfelhecke besonders gut eignen:<\/p>\n\n\n\n<h2 class=\"wp-block-heading\">Paketgruppe 1<\/h2>\n\n\n\n<figure class=\"wp-block-table is-style-stripes\"><table class=\"has-fixed-layout\"><tbody><tr><td><strong>Sorte<\/strong><\/td><td><strong>Reifeeinteilung<\/strong><\/td><\/tr><tr><td>Gravensteiner<\/td><td>Sommer<\/td><\/tr><tr><td> George Cave<\/td><td>Sommer<\/td><\/tr><tr><td> Jakob Fischer <\/td><td>Sommer<\/td><\/tr><tr><td>Wei\u00dfer Klarapfel <\/td><td>Sommer<\/td><\/tr><tr><td>Alkmene &nbsp;<\/td><td>Herbst<\/td><\/tr><tr><td>Goldparm\u00e4ne <\/td><td>Herbst<\/td><\/tr><tr><td>Sch\u00f6ner von Wiltshire<\/td><td>Herbst<\/td><\/tr><tr><td> Boskoop <\/td><td>Womter<\/td><\/tr><tr><td>Jonagold<\/td><td>Winter<\/td><\/tr><tr><td>Zuccalmaglio Renette<\/td><td>Winter<\/td><\/tr><\/tbody><\/table><\/figure>\n\n\n\n<h2 class=\"wp-block-heading\">Paketgruppe 2<\/h2>\n\n\n\n<figure class=\"wp-block-table is-style-stripes\"><table class=\"has-fixed-layout\"><tbody><tr><td><strong>Sorte<\/strong><\/td><td><strong>Reifeeinteilung<\/strong><\/td><\/tr><tr><td>Julia<\/td><td>Sommer<\/td><\/tr><tr><td>Mantet<\/td><td>Sommer<\/td><\/tr><tr><td>Rote Sternrenette<\/td><td>Herbst<\/td><\/tr><tr><td>Mc. Intosh<\/td><td>Herbst<\/td><\/tr><tr><td>Odenw\u00e4lder<\/td><td>Herbst<\/td><\/tr><tr><td>Oldenburg<\/td><td>Herbst<\/td><\/tr><tr><td>Grahams Jubil\u00e4umsapfel<\/td><td>Herbst<\/td><\/tr><tr><td>Glockenapfel<\/td><td>Winter<\/td><\/tr><tr><td>Gloster<\/td><td>Winter<\/td><\/tr><tr><td>Kronprinz Rudolf<\/td><td>Winter<\/td><\/tr><\/tbody><\/table><\/figure>\n\n\n\n<h2 class=\"wp-block-heading\">Paketgruppe 3<\/h2>\n\n\n\n<figure class=\"wp-block-table is-style-stripes\"><table class=\"has-fixed-layout\"><tbody><tr><td><strong>Sorte<\/strong><\/td><td><strong>Reifeeinteilung<\/strong><\/td><\/tr><tr><td>Roter Mond<\/td><td>Sommer<\/td><\/tr><tr><td>Herzogin Olga Apfel<\/td><td>Sommer<\/td><\/tr><tr><td>D\u00fclmener Rosenapfel<\/td><td>Herbst<\/td><\/tr><tr><td>Jakob Lebel<\/td><td>Herbst<\/td><\/tr><tr><td>Lavantaler Bananenapfel<\/td><td>Herbst<\/td><\/tr><tr><td>Zaberg\u00e4u Renette<\/td><td>Winter<\/td><\/tr><tr><td>Br\u00fcnnerling<\/td><td>Winter<\/td><\/tr><tr><td>Idared<\/td><td>Winter<\/td><\/tr><tr><td>Wintergravensteiner<\/td><td>Winter<\/td><\/tr><tr><td>Rheinischer Bohnapfel<\/td><td>Winter<\/td><\/tr><\/tbody><\/table><\/figure>\n\n\n\n<h2 class=\"wp-block-heading\">Paketgruppe 4<\/h2>\n\n\n\n<figure class=\"wp-block-table is-style-stripes\"><table class=\"has-fixed-layout\"><tbody><tr><td><strong>Sorte<\/strong><\/td><td><strong>Reifeeinteilung<\/strong><\/td><\/tr><tr><td>Sommerzimtapfel<\/td><td>Sommer<\/td><\/tr><tr><td>Stark Earliest<\/td><td>Sommer<\/td><\/tr><tr><td>Berner Rosen<\/td><td>Herbst<\/td><\/tr><tr><td>Danziger Kantapfel<\/td><td>Herbst<\/td><\/tr><tr><td>Gelber Richard<\/td><td>Winter<\/td><\/tr><tr><td>Jonathan<\/td><td>Winter<\/td><\/tr><tr><td>Maunzen Apfel<\/td><td>Winter<\/td><\/tr><tr><td>Winterrambour<\/td><td>Winter<\/td><\/tr><tr><td>Schmidberger Renette<\/td><td>Winter<\/td><\/tr><tr><td>Siebenkantapfel<\/td><td>Winter<\/td><\/tr><\/tbody><\/table><\/figure>\n\n\n\n<h2 class=\"wp-block-heading\">Paketgruppe 5<\/h2>\n\n\n\n<figure class=\"wp-block-table is-style-stripes\"><table class=\"has-fixed-layout\"><tbody><tr><td><strong>Sorte<\/strong><\/td><td><strong>Reifeeinteilung<\/strong><\/td><\/tr><tr><td>Bola Apfel<\/td><td>Sommer<\/td><\/tr><tr><td>Elton<\/td><td>Herbst<\/td><\/tr><tr><td>Gascoynes Scharlachs\u00e4mling<\/td><td>Herbst<\/td><\/tr><tr><td>Landsberger Renette<\/td><td>Winter<\/td><\/tr><tr><td>Coulons Renette<\/td><td>Winter<\/td><\/tr><tr><td>Fuji Nagafu Nr.6<\/td><td>Winter<\/td><\/tr><tr><td>Gelbe Bellefleur<\/td><td>Winter<\/td><\/tr><tr><td>Pommeranzen<\/td><td>Winter<\/td><\/tr><tr><td>Brettacher<\/td><td>Winter<\/td><\/tr><tr><td>Steirischer Maschanzker<\/td><td>Winter<\/td><\/tr><\/tbody><\/table><\/figure>\n\n\n\n<h2 class=\"wp-block-heading\">Paketgruppe 6<\/h2>\n\n\n\n<figure class=\"wp-block-table is-style-stripes\"><table class=\"has-fixed-layout\"><tbody><tr><td><strong>Sorte<\/strong><\/td><td><strong>Reifeeinteilung<\/strong><\/td><\/tr><tr><td>Lodi<\/td><td>Sommer<\/td><\/tr><tr><td>Fasslapfel<\/td><td>Herbst<\/td><\/tr><tr><td>Ontario<\/td><td>Herbst<\/td><\/tr><tr><td>Spencer<\/td><td>Herbst<\/td><\/tr><tr><td>Baumannsrenette<\/td><td>Winter<\/td><\/tr><tr><td>Ilzer Rosenapfel<\/td><td>Winter<\/td><\/tr><tr><td>Haslinger<\/td><td>Winter<\/td><\/tr><tr><td>Karmeliter Renette<\/td><td>Winter<\/td><\/tr><tr><td>Freiherr von Berlepsch<\/td><td>Winter<\/td><\/tr><tr><td>Riesenboiken Apfel<\/td><td>Winter<\/td><\/tr><\/tbody><\/table><\/figure>\n","protected":false},"excerpt":{"rendered":"<p>Unsere Apfelhecke bietet die M\u00f6glichkeit, auf kleinster Fl\u00e4che eine beeindruckende Sortenvielfalt zu genie\u00dfen. Da die B\u00e4ume dicht gesetzt und bereits mit den jeweiligen Sorten veredelt wurden, finden auf wenigen Metern Hecke viele verschiedene Apfelsorten Platz \u2013 von fr\u00fchen Sommer\u00e4pfeln \u00fcber Herbstsorten bis zu lagerf\u00e4higen Winter\u00e4pfeln. So entsteht nicht nur ein lebendiger Sichtschutz, sondern auch eine [&hellip;]<\/p>\n","protected":false},"author":1,"featured_media":0,"parent":0,"menu_order":0,"comment_status":"closed","ping_status":"closed","template":"","meta":{"footnotes":""},"class_list":["post-138","page","type-page","status-publish","hentry"],"_links":{"self":[{"href":"https:\/\/ah.osogo.at\/index.php\/wp-json\/wp\/v2\/pages\/138","targetHints":{"allow":["GET"]}}],"collection":[{"href":"https:\/\/ah.osogo.at\/index.php\/wp-json\/wp\/v2\/pages"}],"about":[{"href":"https:\/\/ah.osogo.at\/index.php\/wp-json\/wp\/v2\/types\/page"}],"author":[{"embeddable":true,"href":"https:\/\/ah.osogo.at\/index.php\/wp-json\/wp\/v2\/users\/1"}],"replies":[{"embeddable":true,"href":"https:\/\/ah.osogo.at\/index.php\/wp-json\/wp\/v2\/comments?post=138"}],"version-history":[{"count":3,"href":"https:\/\/ah.osogo.at\/index.php\/wp-json\/wp\/v2\/pages\/138\/revisions"}],"predecessor-version":[{"id":144,"href":"https:\/\/ah.osogo.at\/index.php\/wp-json\/wp\/v2\/pages\/138\/revisions\/144"}],"wp:attachment":[{"href":"https:\/\/ah.osogo.at\/index.php\/wp-json\/wp\/v2\/media?parent=138"}],"curies":[{"name":"wp","href":"https:\/\/api.w.org\/{rel}","templated":true}]}}

Eine Hecke, viele Äpfel – Vielfalt auf kleinstem Raum.

<p>Unsere Apfelhecke bietet die Möglichkeit, auf kleinster Fläche eine beeindruckende Sortenvielfalt zu genießen. Da die Bäume dicht gesetzt und bereits mit den jeweiligen Sorten veredelt wurden, finden auf wenigen Metern Hecke viele verschiedene Apfelsorten Platz – von frühen Sommeräpfeln über Herbstsorten bis zu lagerfähigen Winteräpfeln. So entsteht nicht nur ein lebendiger Sichtschutz, sondern auch eine abwechslungsreiche Ernte über viele Wochen hinweg.</p>



<p>Die Apfelhecke wird in praktischen Paketen zu <strong>10 Bäumen</strong> angeboten – ideal für einen ersten Abschnitt von rund <strong>4 Metern Länge</strong>. Möchten Sie die Hecke verlängern oder individuell gestalten, kann sie flexibel mit <strong>5er-Paketen</strong> oder <strong>Einzelbäumen</strong> ergänzt werden, bis die gewünschte Länge erreicht ist.</p>



<p>In jeder Paketkombination steckt viel Erfahrung und sorgfältige Sortenauswahl. So können Sie über einen langen Zeitraum im Jahr frische Äpfel genießen – vom ersten Frühapfel bis zum lagerfähigen Winterapfel. Aus diesem Grund bieten wir überwiegend erprobte und gut harmonierende Sortenkombinationen an, die sich in Wachstum, Ertrag und Geschmack bewährt haben. So entsteht eine Hecke, die nicht nur schön aussieht, sondern auch eine abwechslungsreiche und zuverlässige Ernte liefert.</p>



<p>Mit einem Pflanzabstand von etwa <strong>40 cm pro Baum</strong> lässt sich die Hecke exakt planen – passend zum Garten, zur Grundstücksgrenze oder zu bereits bestehenden Strukturen. So bleibt die Gestaltung flexibel und wächst ganz nach Ihren Vorstellungen.</p>



<p>Nachfolgend unsere Pakete, die sich für die Apfelhecke besonders gut eignen:</p>



<h2 class="wp-block-heading">Paketgruppe 1</h2>



<figure class="wp-block-table is-style-stripes"><table class="has-fixed-layout"><tbody><tr><td><strong>Sorte</strong></td><td><strong>Reifeeinteilung</strong></td></tr><tr><td>Gravensteiner</td><td>Sommer</td></tr><tr><td> George Cave</td><td>Sommer</td></tr><tr><td> Jakob Fischer </td><td>Sommer</td></tr><tr><td>Weißer Klarapfel </td><td>Sommer</td></tr><tr><td>Alkmene &nbsp;</td><td>Herbst</td></tr><tr><td>Goldparmäne </td><td>Herbst</td></tr><tr><td>Schöner von Wiltshire</td><td>Herbst</td></tr><tr><td> Boskoop </td><td>Womter</td></tr><tr><td>Jonagold</td><td>Winter</td></tr><tr><td>Zuccalmaglio Renette</td><td>Winter</td></tr></tbody></table></figure>



<h2 class="wp-block-heading">Paketgruppe 2</h2>



<figure class="wp-block-table is-style-stripes"><table class="has-fixed-layout"><tbody><tr><td><strong>Sorte</strong></td><td><strong>Reifeeinteilung</strong></td></tr><tr><td>Julia</td><td>Sommer</td></tr><tr><td>Mantet</td><td>Sommer</td></tr><tr><td>Rote Sternrenette</td><td>Herbst</td></tr><tr><td>Mc. Intosh</td><td>Herbst</td></tr><tr><td>Odenwälder</td><td>Herbst</td></tr><tr><td>Oldenburg</td><td>Herbst</td></tr><tr><td>Grahams Jubiläumsapfel</td><td>Herbst</td></tr><tr><td>Glockenapfel</td><td>Winter</td></tr><tr><td>Gloster</td><td>Winter</td></tr><tr><td>Kronprinz Rudolf</td><td>Winter</td></tr></tbody></table></figure>



<h2 class="wp-block-heading">Paketgruppe 3</h2>



<figure class="wp-block-table is-style-stripes"><table class="has-fixed-layout"><tbody><tr><td><strong>Sorte</strong></td><td><strong>Reifeeinteilung</strong></td></tr><tr><td>Roter Mond</td><td>Sommer</td></tr><tr><td>Herzogin Olga Apfel</td><td>Sommer</td></tr><tr><td>Dülmener Rosenapfel</td><td>Herbst</td></tr><tr><td>Jakob Lebel</td><td>Herbst</td></tr><tr><td>Lavantaler Bananenapfel</td><td>Herbst</td></tr><tr><td>Zabergäu Renette</td><td>Winter</td></tr><tr><td>Brünnerling</td><td>Winter</td></tr><tr><td>Idared</td><td>Winter</td></tr><tr><td>Wintergravensteiner</td><td>Winter</td></tr><tr><td>Rheinischer Bohnapfel</td><td>Winter</td></tr></tbody></table></figure>



<h2 class="wp-block-heading">Paketgruppe 4</h2>



<figure class="wp-block-table is-style-stripes"><table class="has-fixed-layout"><tbody><tr><td><strong>Sorte</strong></td><td><strong>Reifeeinteilung</strong></td></tr><tr><td>Sommerzimtapfel</td><td>Sommer</td></tr><tr><td>Stark Earliest</td><td>Sommer</td></tr><tr><td>Berner Rosen</td><td>Herbst</td></tr><tr><td>Danziger Kantapfel</td><td>Herbst</td></tr><tr><td>Gelber Richard</td><td>Winter</td></tr><tr><td>Jonathan</td><td>Winter</td></tr><tr><td>Maunzen Apfel</td><td>Winter</td></tr><tr><td>Winterrambour</td><td>Winter</td></tr><tr><td>Schmidberger Renette</td><td>Winter</td></tr><tr><td>Siebenkantapfel</td><td>Winter</td></tr></tbody></table></figure>



<h2 class="wp-block-heading">Paketgruppe 5</h2>



<figure class="wp-block-table is-style-stripes"><table class="has-fixed-layout"><tbody><tr><td><strong>Sorte</strong></td><td><strong>Reifeeinteilung</strong></td></tr><tr><td>Bola Apfel</td><td>Sommer</td></tr><tr><td>Elton</td><td>Herbst</td></tr><tr><td>Gascoynes Scharlachsämling</td><td>Herbst</td></tr><tr><td>Landsberger Renette</td><td>Winter</td></tr><tr><td>Coulons Renette</td><td>Winter</td></tr><tr><td>Fuji Nagafu Nr.6</td><td>Winter</td></tr><tr><td>Gelbe Bellefleur</td><td>Winter</td></tr><tr><td>Pommeranzen</td><td>Winter</td></tr><tr><td>Brettacher</td><td>Winter</td></tr><tr><td>Steirischer Maschanzker</td><td>Winter</td></tr></tbody></table></figure>



<h2 class="wp-block-heading">Paketgruppe 6</h2>



<figure class="wp-block-table is-style-stripes"><table class="has-fixed-layout"><tbody><tr><td><strong>Sorte</strong></td><td><strong>Reifeeinteilung</strong></td></tr><tr><td>Lodi</td><td>Sommer</td></tr><tr><td>Fasslapfel</td><td>Herbst</td></tr><tr><td>Ontario</td><td>Herbst</td></tr><tr><td>Spencer</td><td>Herbst</td></tr><tr><td>Baumannsrenette</td><td>Winter</td></tr><tr><td>Ilzer Rosenapfel</td><td>Winter</td></tr><tr><td>Haslinger</td><td>Winter</td></tr><tr><td>Karmeliter Renette</td><td>Winter</td></tr><tr><td>Freiherr von Berlepsch</td><td>Winter</td></tr><tr><td>Riesenboiken Apfel</td><td>Winter</td></tr></tbody></table></figure>

<p>Unsere Apfelhecke bietet die Möglichkeit, auf kleinster Fläche eine beeindruckende Sortenvielfalt zu genießen. Da die Bäume dicht gesetzt und bereits mit den jeweiligen Sorten veredelt wurden, finden auf wenigen Metern Hecke viele verschiedene Apfelsorten Platz – von frühen Sommeräpfeln über Herbstsorten bis zu lagerfähigen Winteräpfeln. So entsteht nicht nur ein lebendiger Sichtschutz, sondern auch eine [&hellip;]</p>
